he greatest common factor of 13253290 and 138?
46
What is the highest common factor of 27725 and 93615?
5
What is the highest common factor of 109519168 and 5236?
748
Calculate the greatest common factor of 79161462 and 522.
18
Calculate the highest common divisor of 2984570 and 110.
10
What is the highest common factor of 2730 and 9418227?
273
What is the highest common factor of 63 and 1502865?
63
What is the highest common divisor of 48 and 15324480?
48
What is the highest common divisor of 46 and 19381226?
46
Calculate the highest common divisor of 14504 and 4198712.
392
What is the highest common divisor of 64 and 21772704?
32
What is the greatest common divisor of 8503 and 58399?
11
Calculate the greatest common divisor of 265265260 and 2470.
130
Calculate the highest common divisor of 924 and 7700352.
132
What is the greatest common divisor of 578 and 76242110?
34
Calculate the highest common factor of 4020774 and 78.
6
What is the greatest common factor of 26 and 19721702?
26
What is the greatest common divisor of 979409403 and 4116?
1029
Calculate the greatest common divisor of 85374 and 26826.
102
What is the highest common factor of 1127897 and 32103?
29
What is the highest common factor of 11071085 and 67680?
235
What is the highest common factor of 282088 and 3590904?
7624
Calculate the highest common factor of 1856 and 49430848.
1856
What is the highest common divisor of 239226389 and 3826?
1913
What is the highest common divisor of 658044 and 3072?
12
Calculate the highest common factor of 2472120 and 1554885.
4905
What is the greatest common divisor of 1183260 and 8385?
195
What is the greatest common factor of 2447795 and 28?
7
What is the highest common factor of 2272933 and 377?
377
What is the highest common factor of 9171976 and 5984?
1496
What is the highest common factor of 14497 and 2966717?
19
What is the greatest common factor of 14764081 and 4492?
1123
Calculate the highest common factor of 8 and 655000844.
4
Calculate the highest common factor of 24 and 1094637.
3
What is the greatest common factor of 2573662 and 12766?
26
What is the greatest common divisor of 297 and 181038?
33
Calculate the greatest common factor of 928 and 134863804.
116
Calculate the greatest common divisor of 12705 and 544874253.
2541
What is the greatest common divisor of 8100729 and 21903?
147
What is the greatest common divisor of 1470668 and 2622764?
4364
What is the highest common factor of 30 and 3955603200?
30
Calculate the greatest common divisor of 122448 and 3000.
24
Calculate the highest common divisor of 2035568 and 2782.
214
What is the greatest common factor of 940307 and 1328?
83
Calculate the highest common divisor of 313372 and 35928.
1996
Calculate the highest common divisor of 34420740 and 960.
60
What is the greatest common factor of 987 and 21415503?
141
Calculate the greatest common factor of 166826 and 8019.
11
What is the greatest common divisor of 95918 and 382478?
398
Calculate the highest common divisor of 8636 and 2474595.
127
Calculate the greatest common divisor of 1976 and 109229822.
494
What is the greatest common divisor of 357494 and 21386?
74
What is the highest common divisor of 1798045 and 4300?
215
What is the greatest common divisor of 16 and 48961004?
4
What is the greatest common factor of 56397978 and 147?
21
Calculate the highest common factor of 44024 and 263832.
8
Calculate the highest common divisor of 5076333 and 63.
9
What is the greatest common factor of 533 and 1216241?
13
What is the greatest common factor of 14698 and 4?
2
Calculate the greatest common divisor of 3404 and 16456268.
148
What is the greatest common divisor of 17549 and 113687?
763
Calculate the greatest common factor of 70062 and 67188.
6
Calculate the highest common divisor of 32286215 and 26.
13
Calculate the highest common divisor of 45750 and 370514.
122
What is the greatest common factor of 27224752 and 3232?
1616
Calculate the highest common divisor of 27940006 and 1724.
862
Calculate the highest common factor of 12792 and 3355932.
492
What is the highest common divisor of 75674 and 110860?
482
Calculate the highest common factor of 220241256 and 1122.
102
Calculate the greatest common divisor of 848 and 559913624.
424
Calculate the highest common factor of 73999280 and 92.
92
What is the highest common divisor of 680 and 194221260?
340
What is the highest common factor of 740 and 206010820?
740
Calculate the highest common divisor of 735900 and 1275.
75
What is the greatest common divisor of 84204 and 98622?
18
What is the highest common factor of 4864234 and 106?
106
Calculate the highest common divisor of 2072370 and 7400.
370
What is the highest common divisor of 433839 and 14133?
21
What is the greatest common factor of 8789990 and 99220?
4510
What is the highest common divisor of 130 and 86721804?
26
Calculate the highest common divisor of 20608 and 2180584.
1288
Calculate the highest common factor of 40 and 1144990000.
40
What is the greatest common factor of 204 and 4417263?
51
Calculate the highest common factor of 1553 and 113899.
1
Calculate the highest common divisor of 382494 and 168.
42
Calculate the highest common divisor of 80078 and 436.
2
What is the greatest common factor of 398798500 and 53?
53
What is the highest common factor of 1645 and 253295?
35
What is the greatest common factor of 11775 and 9925?
25
What is the greatest common divisor of 164230 and 13480?
10
Calculate the greatest common divisor of 59550 and 35333.
397
What is the greatest common factor of 3194280 and 100?
20
Calculate the greatest common factor of 2064 and 1427200.
16
Calculate the greatest common divisor of 88452 and 9234108.
1404
What is the greatest common factor of 36922894 and 2764?
1382
Calculate the highest common factor of 967832 and 3501.
389
What is the highest common divisor of 1100339 and 1161501?
577
What is the highest common divisor of 707520 and 1920?
960
What is the greatest common factor of 1325 and 166657175?
1325
What is the highest common factor of 362256 and 7008?
48
Calculate the greatest common divisor of 528 and 152704.
16
Calculate the greatest common divisor of 35202528 and 8928.
288
What is the greatest common factor of 235235 and 9689680?
5005
Calculate the highest common divisor of 528697 and 7449.
13
Calculate the greatest common divisor of 939924 and 45928632.
11604
What is the highest common factor of 23569 and 616642?
481
What is the greatest common divisor of 38726848 and 2208?
736
Calculate the highest common factor of 11298308 and 28.
28
Calculate the greatest common factor of 41234465 and 3515.
3515
Calculate the highest common factor of 2596308 and 114.
6
Calculate the greatest common divisor of 7786790 and 232.
58
Calculate the highest common factor of 1387788 and 1308.
1308
Calculate the greatest common divisor of 15737409 and 27.
27
What is the greatest common divisor of 115 and 3479325?
115
Calculate the greatest common divisor of 550101 and 7395.
87
Calculate the highest common divisor of 630 and 76759470.
90
What is the greatest common factor of 844 and 1238866666?
422
Calculate the highest common factor of 33194 and 2234.
2
What is the highest common factor of 2835 and 1624695?
15
Calculate the greatest common divisor of 240277 and 599197.
997
Calculate the greatest common divisor of 2190422679 and 32678.
16339
Calculate the highest common factor of 738 and 566802.
18
What is the greatest common divisor of 864 and 107045472?
96
What is the greatest common divisor of 1595 and 10251065?
1595
Calculate the highest common factor of 245 and 27496154.
49
What is the highest common factor of 30199 and 116453?
101
Calculate the greatest common divisor of 15309173 and 2007.
223
What is the highest common divisor of 1149 and 28890073?
383
Calculate the highest common divisor of 175610 and 3349.
17
What is the highest common divisor of 24729845 and 30660?
2555
What is the highest common divisor of 27992457 and 9?
9
Calculate the highest common factor of 5359 and 3605209.
233
What is the highest common divisor of 135 and 10273635?
135
What is the highest common divisor of 3161666 and 942?
314
What is the greatest common factor of 6362040 and 2560?
40
What is the highest common divisor of 1